(m).
4
Suppose 72*t = 75*t - 12. Suppose -5*k + 7 = -m, -t*k + 5 + 7 = -4*m. Let v(r) = 28*r**3 + r**2 + r - 1. What is v(k)?
29
Let a be 7 + -7 - (-3 - -6 - -3). Let i(l) = 8*l + 20. What is i(a)?
-28
Suppose 5*j = -4*n - 15, 13*n = -8*j + 8*n - 31. Let p(z) be the second derivative of z**4/12 + 5*z**3/6 - 2*z**2 + 4*z. Determine p(j).
10
Let x(f) = 14*f - 200. Suppose 2*g - 2*c - 24 = 0, 4*g - 4*c = -c + 50. Calculate x(g).
-4
Suppose 0 = 20*z + 5*z + 5125. Let j = z + 214. Let c(h) be the first derivative of -h**4/4 + 10*h**3/3 - 4*h**2 - 13*h - 2. Calculate c(j).
-4
Let m(b) = 1 - 9741*b + 4881*b + 4861*b - 3*b**2. Let z be ((-12)/9)/(-4)*-3. Determine m(z).
-3
Let u(y) be the second derivative of -y**4/12 - 2*y**3/3 + 33*y**2/2 + 6*y + 9. Calculate u(7).
-44
Suppose -5 = -2*f - 3*f. Let v(i) = i**2 + 7*i + 9. Let d(x) = -x**2 + x - 1. Let s(m) = f*v(m) + 2*d(m). Determine s(9).
7
Let i(y) = -97*y + 21. Let g(c) = 115*c - 22. Let r(b) = 6*g(b) + 7*i(b). What is r(-2)?
-7
Suppose 20 = -4*c + 4. Let z = 54 + -52. Let r(a) = z - a + 0 + 2 - 2. Determine r(c).
6
Let a(s) = 446*s**3 + 7*s - 18. Let i be a(2). Let q be (-4)/102*-3 + i/918. Let u(f) = 2*f**2 + 2. Calculate u(q).
34
Let i(o) = -312*o - 756. Let p(m) = -193*m - 504. Let u(x) = 5*i(x) - 8*p(x). What is u(15)?
12
Let l(a) = -a**3 - 19*a**2 - 17*a + 18. Let p = 8968 + -8986. What is l(p)?
0
Let o be (1 - 2/4)*(-1166)/583. Let v(w) be the second derivative of w**3/6 + 2*w. Let y(r) = -10*r - 1. Let f(c) = -3*v(c) - y(c). What is f(o)?
-6
Let o(i) = i**3 - 3*i**2 + 6*i - 2. Let r be o(2). Let p(j) = 3*j + 1 + 0*j - 4*j + 4*j. Calculate p(r).
19
Let w(b) = 11 - 16*b**2 + 10 - 4*b - 2 + b**3 - 15*b - 3. What is w(17)?
-18
Let u(o) be the third derivative of o**5/60 - 17*o**4/24 + 3*o**3/2 + 2472*o**2. Give u(13).
-43
Suppose -5*a + 3*c = 5*c + 4, 0 = a - 2*c - 4. Let m(g) be the first derivative of g**3/3 + g**2/2 + 5*g + 2364. What is m(a)?
5
Let y be 2/4*(7 + -1). Let v(k) = 3*k + 50. Let o be v(-16). Let n(l) = -1 - 238*l**o + 1 - 3*l + 239*l**2 - 2. Determine n(y).
-2
Let x(h) be the second derivative of -7*h**4/24 - h**3/3 + 103*h**2/2 + 17*h. Let c(p) be the first derivative of x(p). Determine c(-1).
5
Suppose 2*v + 18 = -2*l, 3*v = -5*l - 82 + 41. Let i(m) = m**3 + 15*m**2 + 57*m - 8. Give i(l).
-15
Suppose 2 = o - 5*j, 3*o = -4*j + 8*j + 6. Suppose -774 = -o*f - 782. Let r(l) = -l**3 - 4*l**2 - 5*l + 1. What is r(f)?
21
Let y(h) = 4*h - 13. Let x be (-3 - 0)*(-1 + 4/12). Give y(x).
-5
Let i(o) be the second derivative of o**3/6 + 13*o**2/2 - 1494*o. Calculate i(-17).
-4
Suppose -4*o = -5*l + 7*l - 22, 3*o + 2*l = 18. Let i(k) = 3*k**2 - 6*k + 4. Determine i(o).
28
Suppose 7*l + 104 = -92. Let k be 4*(l/7 + 3). Let g(n) = n**2 + 2*n + 5. What is g(k)?
13
Let q = -493 + 492. Let n(d) = -d - 1. Let b(p) = -13*p. Let z(j) = q*n(j) - b(j). Determine z(3).
43
Let k = 327 - 269. Let s = -57 + k. Let q(l) = 9*l**2 - l. Give q(s).
8
Let t(z) = -69*z**2 + 4*z - 4. Suppose 2*w - 143 + 134 = -5*p, 6 = -4*p + 5*w. Calculate t(p).
-69
Let m = 14 - 12. Let f(q) = -11*q - m*q**2 + 5*q**2 - 14 - q**2 - q**2. Suppose -2*w - 2*k = -28, -3*k - 199 = -4*w - 157. Calculate f(w).
-2
Let x(a) = 9*a**3 + 3*a**2 - a - 3. Let y = -17722 + 17721. Determine x(y).
-8
Let i(h) be the second derivative of h**5/20 - h**4/2 - h**3 - 12*h**2 + 512*h. Give i(7).
-17
Let m(c) be the first derivative of -c**5/120 + 5*c**4/12 + c**3/3 - 2*c**2 - 28. Let w(u) be the third derivative of m(u). Give w(9).
1
Let y(r) = 425*r**3 + 16*r**2 - 27*r - 241*r**3 - 185*r**3 + 6. Give y(14).
20
Let d(m) = 2*m**2 + 2*m + 1. Let x(v) = 11*v**2 + 9*v + 4. Let j = -137 + 136. Let u(b) = j*x(b) + 5*d(b). Suppose 0 = -3*t - 3. What is u(t)?
-1
Suppose 240 = -8*f + 272. Let y(a) be the third derivative of 0 + 9*a**2 + 4/3*a**3 - 1/6*a**f + 0*a - 1/60*a**5. What is y(-7)?
-13
Let p(q) = 427*q + 26466. Let c be p(-62). Suppose -g - 3*g = -12. Let t(x) = -2*x + 0*x + g*x. Determine t(c).
-8
Let n be 6/54*-9 + 0 + 6/4. Let i(f) be the third derivative of 0*f + 1/20*f**5 + 0 - n*f**3 - 7*f**2 - 1/120*f**6 + 1/3*f**4. Give i(5).
-13
Suppose 61*d + 50 = 65*d + 186. Let p(v) = v**3 + 35*v**2 + 34*v + 11. Give p(d).
11
Suppose -5*y - 4*y = -9. Let o(u) = -u**2 - 3*u - 1. Let m(i) = -3*i**2 - 12*i - 8. Let f(r) = y*m(r) - 4*o(r). What is f(3)?
5
Let z(h) be the second derivative of h**4/12 - h**3/6 - h**2 + 15*h. Let t(n) = 7*n + 15. Let i be t(2). Suppose 13 = 8*m + i. Calculate z(m).
4
Let f be (-78)/143 + (-11848)/(-22). Suppose 541*u - 15 = f*u. Let v(c) = -c**2 + 9*c - 13. Calculate v(u).
7
Suppose -19*g + 16*g + a = 17, 0 = 2*g - 2*a + 6. Suppose 5*o - f = 19, o + 3*f - 9 = -2*f. Let r(k) = -1 - 3*k + 9 + o*k. Calculate r(g).
1
Let j(t) = t + 3. Let g(q) = 10*q - 135 - 84 - 38*q + 187 - q**2. Let b be g(-27). Calculate j(b).
-2
Let o be 4/(-4) - (-5 + 1 + 0). Let z = o + -3. Let k(q) = 1. Let h(c) = c - 1. Let w(l) = h(l) + k(l). Give w(z).
0
Let o(u) = 21*u + 17*u - 34*u + 15 - 23*u + 13*u. Calculate o(11).
-51
Let y(u) = 465*u - 462. Let m be y(1). Let o(f) be the first derivative of -1/3*f**m - 20 + 2*f - f**2. What is o(-5)?
-13
Let n(w) = 13*w + 7. Suppose 101*m = 110*m + 63. Let b(d) = -11*d - 7. Let y(h) = m*b(h) - 6*n(h). What is y(12)?
-5
Let i(r) = 24*r - 6*r - 12 - 19*r. Let q(c) = 20*c - 107. Let f be q(5). Determine i(f).
-5
Suppose 0 = 6*v - 2*v + 3*x, -3*v + 2*x = 17. Suppose -n = 3*n + 3*h - 6091, -2*n + 3053 = -h. Let s(q) = n*q**2 - 2 - 1524*q**2 + 3. Determine s(v).
10
Let f(o) = -o**3 + 6*o**2 - 3*o + 6. Let d = 752 + -751. Let i be ((-5)/d)/(79 + -80). What is f(i)?
16
Let t(u) = 322 + 5*u + 6*u - 17*u - 2*u + 0*u. Determine t(40).
2
Let v(z) = -z**3 - z**2 - z - 1. Let b be (-2)/((-2)/6*1). Let y(c) = -7*c + 6*c + 3*c**3 - 1 - 5*c - 4 - 6*c**2. Let g(l) = b*v(l) - y(l). Give g(1).
-10
Let i(h) = -17*h**2 + 11*h + 16. Let b(n) = -14*n**2 + 10*n + 14. Let j(d) = -6*b(d) + 5*i(d). Let v be (-4)/2*4 + 2. Give j(v).
-10
Let f(j) = 3*j**3 - j**2 + j. Let b(q) = 13*q**3 + 2*q**2 + 8*q - 12. Let x(s) = -b(s) + 4*f(s). Give x(-6).
36
Let l(m) = -m**3 + 3*m**2 - 31*m + 60. Let y = 14129 + -14127. What is l(y)?
2
Let k(a) = a**2 + 2*a + 3. Let f(o) = 3*o**3 - 3*o**2 - o + 2. Let y be f(2). Suppose 0*t = 2*t + y. Let q = 3 + t. Calculate k(q).
6
Suppose 12*z + 48 = -0*z. Let k(i) = i**2 + 3*i - 4. Let c(n) = n**2 + 3*n - 5. Let v be 6 + (-3 + 0)/3. Let t(d) = v*c(d) - 6*k(d). Calculate t(z).
-5
Let w(n) = 103*n - 54. Let b(x) = -99*x + 52. Let j(f) = -26*b(f) - 25*w(f). Let z = 3 + -5. Calculate j(z).
0
Let y = 1 - 1. Let z(u) = -18*u + 12038. Let x(j) = j - 634. Let n(v) = 19*x(v) + z(v). Determine n(y).
-8
Let d(m) = -m**2 + 1 + 13*m**3 - m**2 - m + m**2. Let h = 173 + -169. Suppose 14*n - 17*n + 3 = h*x, 2*n - 2 = -2*x. What is d(n)?
12
Suppose -11*h + 36 = 7*h. Let f(x) = x**3 - 3*x**2 + 8*x - 6. Let t be f(h). Let r(v) = -v**2 + 6*v + 5. Determine r(t).
5
Let r(z) = 150990 - 75497 - 75493 - 124*z. Determine r(-1).
124
Suppose 2*z + 4 = 0, 3*a + 5*z = 44 - 93. Let d(f) = 10*f + 123. Determine d(a).
-7
Let n(f) = -11*f**2 - 2*f + 1. Suppose 0 = 3*c - 252 + 291. Let x(p) = -2*p**2 - 22*p + 54. Let a be x(c). What is n(a)?
-47
Let a(d) be the first derivative of -d**3/3 + 6*d**2 - 3*d - 223. Let u(x) = x**2 - x - 2. Let r(k) = -a(k) - 2*u(k). Calculate r(-9).
16
Let j(m) = -16*m + 61. Let g(l) = -29*l + 121. Let n(k) = -6*g(k) + 11*j(k). Let q be n(-28). Let v(p) = 21*p - 1. Give v(q).
20
Let u(o) = -285*o + 300*o**2 + 287*o - 301*o**2 - 2. Suppose -4*c - 6 = 6. Let r be c/(30/4)*-10. Calculate u(r).
-10
Let g = 33606 + -33608. Let x(s) = -11*s**2 + 2*s + 2. Determine x(g).
-46
Let p(h) be the first derivative of 3*h**2/2 - h + 5. Let j be (-2 + -1 + 5 + 2)/(-1). Give p(j).
-13
Let r(z) = -4*z**2 + 101*z - 146. Let n(o) = o**2 - 25*o + 36. Let k(g) = -9*n(g) - 2*r(g). Calculate k(21).
10
Let i(g) = 28*g**3 - 14*g**2 + 12*g - 10. Let m(r) = -34*r**3 + 15*r**2 - 14*r + 10. Let f(z) = -6*i(z) - 5*m(z). Determine f(-5).
-5
Let c(k) = 0*k**2 - 113459*k + k**2 + 113457*k. Suppose 1 - 9 = 4*i. Give c(i).
8
Let y = 132 + -134. Let v(z) = -z**2 + 12*z + 6. Let a(m) = 2*m**2 - 14*m - 7. Let f(g) = y*a(g) - 3*v(g). What is f(-6)?
8
Let x(